5/b - (4/(-8) - 1).
199
Let h be (17 - 3) + -3 + 4. Suppose 2*w + h = -0*p + p, -5*w = 3*p - 23. What are the prime factors of (1 - -30)/(p/44)?
2, 31
Suppose 4*b = -5*j + 227, -56 = -2*b + b - 2*j. Let c be ((-34)/(-5))/(2/10). Let l = b - c. List the prime factors of l.
2, 3
List the prime factors of 13/((-15334)/2193 + (15 - 8)).
3, 13, 43
List the prime factors of (68/(-24))/(2/304)*-6*6.
2, 3, 17, 19
Let d = -13523 + 31201. What are the prime factors of d?
2, 8839
Let d(n) = 3*n**3 - 116*n**2 - 107*n - 90. What are the prime factors of d(40)?
2, 5, 7, 29
Let m(w) = 1 - 28*w**2 + w**3 + 0*w + 2 - 10*w. List the prime factors of m(29).
2, 277
Suppose -23*v + 737229 + 680981 = 24272. What are the prime factors of v?
2, 3, 7, 13, 37
Suppose 2*y + 7 = 2*h - 13, -5*h = y - 8. Let o(i) = 6*i**2 + 8*i - 20. List the prime factors of o(y).
2, 109
Let i = -103 + 107. Suppose i*g + 188 = -4. List the prime factors of (-29)/(-3) + (-16)/g.
2, 5
Suppose -35 - 25 = -5*g. Suppose -x - 4 = -4*k, -5*x - g = -5*k - 2*x. Suppose -41*o + 38*o + 582 = k. List the prime factors of o.
2, 97
Let x(k) = 28*k + 33. Let h be x(38). Let r = 1905 - h. What are the prime factors of r?
2, 101
Suppose 79489 = j + 2*c, 54*j = 50*j + 5*c + 317995. List the prime factors of j.
5, 13, 1223
Let z(j) = 5*j**2 - 6*j - 13. Let t be (4 - (-20)/(-4)) + 8. Let o(g) = 6*g**2 - 5*g - 12. Let k(d) = t*z(d) - 6*o(d). What are the prime factors of k(-9)?
2
Suppose -40*w + 2*w + 130074 = 0. What are the prime factors of w?
3, 7, 163
Suppose -58*z + 742573 = 27*z - 214612. What are the prime factors of z?
11261
Let c = 20675 + -10651. What are the prime factors of c?
2, 7, 179
Let s(w) = -6*w**3 - 41*w**2 - 8. Let p be s(-9). Let y = -471 + p. List the prime factors of y.
2, 7, 41
Suppose -5*c - 2*f = -1395, -4*c + 659 = -4*f - 485. Suppose -269*j = -c*j + 9240. What are the prime factors of j?
2, 5, 7, 11
Let z = -9833 + 23288. List the prime factors of z.
3, 5, 13, 23
Suppose -2*f + 3*f + 11*f = 237120. List the prime factors of f.
2, 5, 13, 19
Suppose 23*c + 77 = -15. Let v(r) = -r + 6. Let s be v(5). List the prime factors of c - 2*-18*s.
2
What are the prime factors of (-2113 + -1)*(119/7 - 32)?
2, 3, 5, 7, 151
Suppose 62232 = 4*r - 6*f, 3*r = -0*r - 4*f + 46657. List the prime factors of r.
3, 5, 17, 61
Suppose 47*j + 14*j = 6*j + 71005. List the prime factors of j.
1291
Suppose -3*m - 5*h - 10 = -h, 0 = -3*h - 12. Suppose 9*j - 14 = m*j. Suppose 309 = 4*d - t + j*t, -t = -2*d + 147. What are the prime factors of d?
2, 19
Let g be 38/12 + (-2 - (-22)/12). Suppose -5242 = -g*b - 2*p, -p + 443 = 2*b - 3052. List the prime factors of b.
2, 19, 23
List the prime factors of (-142 + -7214)*1/(-2).
2, 3, 613
Let x = -278 - -415. Let m = 443 - x. What are the prime factors of m?
2, 3, 17
Suppose -y - 4*v = -235, -3*v + 110 = 2*y - 370. Suppose 2*f - 45 = y. What are the prime factors of f?
2, 3
Let o = 303 + -309. List the prime factors of 4 + (o - -7) + 744.
7, 107
Suppose o = 5*i + 51 - 34, -5*o - 35 = -i. Let h(a) = -2*a**3 + 2*a**2 + 8*a - 34. List the prime factors of h(o).
2, 17, 31
Let h be (-1)/((-6)/(-76944)*-4). What are the prime factors of (h/49)/((-4)/(-14))?
229
Suppose 0 = 3*t - 82192 - 11144 - 14079. List the prime factors of t.
3, 5, 7, 11, 31
Let k(w) = w**3 - 9*w**2 - 10*w + 5. Let j be k(10). Suppose 2*s + j*h - 18 = 21, 3*h - 15 = 0. List the prime factors of s.
7
Let r = -11 - 45. Let i = -56 - r. Suppose -m + 3*m - 216 = i. List the prime factors of m.
2, 3
Suppose 4*r + 15 = 5*w + 85, 2*r = -w. Let b be (388/w)/(6/(-30)). Let n = -56 + b. List the prime factors of n.
2, 3, 23
Let w = 195765 - 136876. What are the prime factors of w?
58889
Let c = 127 - 203. Let a = c - -181. What are the prime factors of a?
3, 5, 7
Let j be -8 - -8 - -4 - 3/(-1). What are the prime factors of (-8 - -1)*(1 - 1189/j)?
2, 3, 197
Suppose 5*u - 3*w - 10346 = 0, 3*w - 1 = 8. List the prime factors of u.
19, 109
Suppose 214*l + 167832 = 270*l. What are the prime factors of l?
3, 37
Suppose 5*w - 12*w + 3927 = 0. Suppose -13*l - w = -14*l. Let h = 834 - l. What are the prime factors of h?
3, 7, 13
Let p = 1127 - -1963. List the prime factors of p.
2, 3, 5, 103
Let y(f) = 371*f - 74. What are the prime factors of y(11)?
4007
Let m(n) be the first derivative of -31*n - 15 - n**2 + 0*n**2 - 15*n**2 + 18*n. List the prime factors of m(-3).
83
Let k be 120/28 - (-9)/((-126)/4). Suppose 0 = -5*p + 3*p - 5*h + 394, -h + 824 = k*p. What are the prime factors of p?
3, 23
Suppose -2*j = -0*m + m - 15, 4*m = 4*j. Suppose b + m = 7. Suppose -b*c + 116 = 2*c. List the prime factors of c.
29
Let x(r) = 3887*r**2 + 11*r - 15. What are the prime factors of x(2)?
3, 5, 17, 61
Let d = 14027 + -9466. List the prime factors of d.
4561
What are the prime factors of (125802/972 - 2/(-27))*6/7?
3, 37
Suppose -95*g + 3241750 = -3278100. What are the prime factors of g?
2, 5, 6863
Suppose 2*l = 4000 + 1274. Suppose 0*z = 3*z - l. Suppose -13*q = -10*q - z. What are the prime factors of q?
293
Suppose -2*z - 2 = 0, 7935 = u - 0*u + 4*z. What are the prime factors of u?
17, 467
Let k be (-1)/9 + (-280)/(-90). Suppose -377 = -k*x + 2572. What are the prime factors of x?
983
Let m be -3*-1*(1 - 0 - 0). Suppose m*d + 3*w = 2*w + 31, 0 = -4*d + 3*w + 50. Suppose d*f = 1714 - 240. What are the prime factors of f?
2, 67
Let b(w) = w**3 + w**2 - 6*w - 5. Let l be b(-3). What are the prime factors of (-8 - l)*(-9)/6*14?
3, 7
Suppose -2*b + 8 - 58 = -5*s, 5*b = 2*s + 1. Let a be (s/16)/((-1)/4). Let c(g) = -27*g + 13. List the prime factors of c(a).
2, 47
Let x = -370 + -46. Let r = 923 + x. List the prime factors of r.
3, 13
Suppose 0*a = p + a - 269, 2*p + 3*a - 535 = 0. Suppose -5*s - p = -2*f - 821, 2*s + 2*f - 228 = 0. What are the prime factors of s?
3, 37
Let i(h) = 179*h**2 + 16*h + 35. List the prime factors of i(-10).
3, 5, 79
Suppose -10*v + 196 + 309 + 115 = 0. List the prime factors of v.
2, 31
Let i = -139 - -83. Let c = i - -71. Suppose -16*h = -c*h - 124. List the prime factors of h.
2, 31
Suppose 21*a + u + 1140 = 22*a, 5*u + 20 = 0. Let c = -539 + a. What are the prime factors of c?
3, 199
Let h = 1060 - 2380. Let x = h - -2131. What are the prime factors of x?
811
Suppose -5*w - 5*y = -9 + 24, 4*w = 5*y + 15. Let v be (37 - -11)*(w - -1). Suppose -k + v = k. What are the prime factors of k?
2, 3
Suppose 91*x - 683489 = -135*x + 1095583. List the prime factors of x.
2, 3, 41
Suppose 0 = 5*d + 4*c - 9222 + 485, 5*c + 10 = 0. What are the prime factors of d?
3, 11, 53
Let k = -29330 - -43401. List the prime factors of k.
14071
Let q(r) = 2*r**2 + 2*r. Let h be q(0). Suppose 14*a - 13*a - 213 = h. Let m = a - 136. What are the prime factors of m?
7, 11
Suppose 40387 = x - 5*a + 6136, -4*a + 68544 = 2*x. List the prime factors of x.
2, 3, 5711
Let k(x) = -3*x**3 - 208*x**2 - 4*x - 624. List the prime factors of k(-73).
3, 19429
Suppose 5*w - 45 = 35. Suppose w = -4*f, 5*o - 4 = -0*f + f. Suppose n = 2*m + 116, -342 = -o*n - 3*n + 4*m. What are the prime factors of n?
2, 5, 11
Let o = 42 + -39. Suppose -3*s + s + 80 = b, 0 = -b - o*s + 78. List the prime factors of 2*b + (0 - -1)*-1.
167
Let d = -226652 + 317446. List the prime factors of d.
2, 11, 4127
Let a(n) be the second derivative of -17*n**3/6 + n**2/2 + 45*n + 2. List the prime factors of a(-13).
2, 3, 37
Let o(m) = 26*m**2 - 50*m - 48. Let u be o(21). Suppose -14*c - 18*c = -u. What are the prime factors of c?
2, 3
Let l(u) = u**3 - 119*u**2 + 266*u - 880. What are the prime factors of l(117)?
2, 179
Let z(t) be the third derivative of 284*t**5/15 - 5*t**4/24 - 5*t**3/6 + 100*t**2 + 2*t. List the prime factors of z(-1).
2, 71
Suppose -3*z + 83086 = 2*n, 4*n - 3*z - 77815 - 88321 = 0. What are the prime factors of n?
73, 569
Let t = 8221 + 995. What are the prime factors of t?
2, 3
Suppose -12 = -3*o, 0 = 3*s - 0*o - o - 23. Suppose 116 = q - 5*k, s*q + k - 396 = 6*q. List the prime factors of q.
131
Let f be (1 - -11)*(-5)/(-5 + -15). Let r(u) = 30*u**2 - 10*u + 18. Let g be r(f). Suppose 3*l - g = 321. What are the prime factors of l?
193
Suppose -1744*n - 1991983 = -1800*n + 1308489. What are the prime factors of n?
58937
Suppose -5*f - 10 + 25 = 